{"id":1530,"date":"2019-11-04T16:21:28","date_gmt":"2019-11-04T15:21:28","guid":{"rendered":"https:\/\/espace-chirurgie.ch\/?post_type=glossary&#038;p=1530"},"modified":"2019-11-04T16:21:28","modified_gmt":"2019-11-04T15:21:28","slug":"carcinome-du-rectum-cancer-du-rectum","status":"publish","type":"glossary","link":"https:\/\/espace-chirurgie.ch\/fr\/glossaire\/carcinome-du-rectum-cancer-du-rectum\/","title":{"rendered":"Carcinome du rectum (Cancer du rectum)"},"content":{"rendered":"\n<p class=\"wp-block-paragraph\">Tumeur maligne du rectum (les derniers 16 centim\u00e8tres avant l&rsquo;anus). Sympt\u00f4mes : Perte de poids, d\u00e9gradation de l&rsquo;\u00e9tat g\u00e9n\u00e9ral, sang dans les selles, an\u00e9mie, irr\u00e9gularit\u00e9s\/modification des selles. Facteurs de risque : \u00c2ge, surpoids, cigarette, alimentation pauvre en fibres, grande consommation de viande rouge, s\u00e9dentarit\u00e9, anomalie g\u00e9n\u00e9tique, maladies inflammatoires chroniques de l&rsquo;intestin. Diagnostic : Coloscopie (recommand\u00e9e \u00e0 Partir de 50 ans), pr\u00e9l\u00e8vement de tissus, scanner Traitement : ablation chirurgicale du rectum ainsi que des derni\u00e8res parties du gros intestin, du tissu adipeux environnant ainsi que des vaisseaux d&rsquo;alimentation et des ganglions. Selon le stade de la tumeur et sa localisation pr\u00e9cise, il faut proc\u00e9der au pr\u00e9alable \u00e0 une chimioth\u00e9rapie et \u00e0 une radioth\u00e9rapie. <\/p>\n","protected":false},"template":"","class_list":["post-1530","glossary","type-glossary","status-publish","hentry"],"acf":[],"yoast_head":"<!-- This site is optimized with the Yoast SEO plugin v28.4 - https:\/\/yoast.com\/product\/yoast-seo-wordpress\/ -->\n<title>Carcinome du rectum (Cancer du rectum) &#8211; Espace Chirurgie<\/title>\n<meta name=\"robots\" content=\"index, follow, max-snippet:-1, max-image-preview:large, max-video-preview:-1\" \/>\n<link rel=\"canonical\" href=\"https:\/\/espace-chirurgie.ch\/fr\/glossaire\/carcinome-du-rectum-cancer-du-rectum\/\" \/>\n<meta property=\"og:locale\" content=\"fr_FR\" \/>\n<meta property=\"og:type\" content=\"article\" \/>\n<meta property=\"og:title\" content=\"Carcinome du rectum (Cancer du rectum) &#8211; Espace Chirurgie\" \/>\n<meta property=\"og:description\" content=\"Tumeur maligne du rectum (les derniers 16 centim\u00e8tres avant l&rsquo;anus). Sympt\u00f4mes : Perte de poids,...\" \/>\n<meta property=\"og:url\" content=\"https:\/\/espace-chirurgie.ch\/fr\/glossaire\/carcinome-du-rectum-cancer-du-rectum\/\" \/>\n<meta property=\"og:site_name\" content=\"Espace Chirurgie\" \/>\n<meta property=\"article:publisher\" content=\"https:\/\/www.facebook.com\/espacechirurgie\" \/>\n<meta name=\"twitter:card\" content=\"summary_large_image\" \/>\n<meta name=\"twitter:label1\" content=\"Dur\u00e9e de lecture estim\u00e9e\" \/>\n\t<meta name=\"twitter:data1\" content=\"1 minute\" \/>\n<script type=\"application\/ld+json\" class=\"yoast-schema-graph\">{\"@context\":\"https:\\\/\\\/schema.org\",\"@graph\":[{\"@type\":\"WebPage\",\"@id\":\"https:\\\/\\\/espace-chirurgie.ch\\\/fr\\\/glossaire\\\/carcinome-du-rectum-cancer-du-rectum\\\/\",\"url\":\"https:\\\/\\\/espace-chirurgie.ch\\\/fr\\\/glossaire\\\/carcinome-du-rectum-cancer-du-rectum\\\/\",\"name\":\"Carcinome du rectum (Cancer du rectum) &#8211; Espace Chirurgie\",\"isPartOf\":{\"@id\":\"https:\\\/\\\/espace-chirurgie.ch\\\/fr\\\/#website\"},\"datePublished\":\"2019-11-04T15:21:28+00:00\",\"breadcrumb\":{\"@id\":\"https:\\\/\\\/espace-chirurgie.ch\\\/fr\\\/glossaire\\\/carcinome-du-rectum-cancer-du-rectum\\\/#breadcrumb\"},\"inLanguage\":\"fr-FR\",\"potentialAction\":[{\"@type\":\"ReadAction\",\"target\":[\"https:\\\/\\\/espace-chirurgie.ch\\\/fr\\\/glossaire\\\/carcinome-du-rectum-cancer-du-rectum\\\/\"]}]},{\"@type\":\"BreadcrumbList\",\"@id\":\"https:\\\/\\\/espace-chirurgie.ch\\\/fr\\\/glossaire\\\/carcinome-du-rectum-cancer-du-rectum\\\/#breadcrumb\",\"itemListElement\":[{\"@type\":\"ListItem\",\"position\":1,\"name\":\"Startseite\",\"item\":\"https:\\\/\\\/espace-chirurgie.ch\\\/fr\\\/\"},{\"@type\":\"ListItem\",\"position\":2,\"name\":\"Glossar\",\"item\":\"https:\\\/\\\/espace-chirurgie.ch\\\/fr\\\/glossaire\\\/\"},{\"@type\":\"ListItem\",\"position\":3,\"name\":\"Carcinome du rectum (Cancer du rectum)\"}]},{\"@type\":\"WebSite\",\"@id\":\"https:\\\/\\\/espace-chirurgie.ch\\\/fr\\\/#website\",\"url\":\"https:\\\/\\\/espace-chirurgie.ch\\\/fr\\\/\",\"name\":\"Espace Chirurgie\",\"description\":\"Zentrum mit modernster und qualitativ hochwertiger chirurgischer Behandlung.\",\"publisher\":{\"@id\":\"https:\\\/\\\/espace-chirurgie.ch\\\/fr\\\/#organization\"},\"potentialAction\":[{\"@type\":\"SearchAction\",\"target\":{\"@type\":\"EntryPoint\",\"urlTemplate\":\"https:\\\/\\\/espace-chirurgie.ch\\\/fr\\\/?s={search_term_string}\"},\"query-input\":{\"@type\":\"PropertyValueSpecification\",\"valueRequired\":true,\"valueName\":\"search_term_string\"}}],\"inLanguage\":\"fr-FR\"},{\"@type\":\"Organization\",\"@id\":\"https:\\\/\\\/espace-chirurgie.ch\\\/fr\\\/#organization\",\"name\":\"Espace Chirurgie\",\"url\":\"https:\\\/\\\/espace-chirurgie.ch\\\/fr\\\/\",\"logo\":{\"@type\":\"ImageObject\",\"inLanguage\":\"fr-FR\",\"@id\":\"https:\\\/\\\/espace-chirurgie.ch\\\/fr\\\/#\\\/schema\\\/logo\\\/image\\\/\",\"url\":\"https:\\\/\\\/espace-chirurgie.ch\\\/wp-content\\\/uploads\\\/2019\\\/06\\\/espace-chirurgie-logo.svg\",\"contentUrl\":\"https:\\\/\\\/espace-chirurgie.ch\\\/wp-content\\\/uploads\\\/2019\\\/06\\\/espace-chirurgie-logo.svg\",\"width\":403,\"height\":86,\"caption\":\"Espace Chirurgie\"},\"image\":{\"@id\":\"https:\\\/\\\/espace-chirurgie.ch\\\/fr\\\/#\\\/schema\\\/logo\\\/image\\\/\"},\"sameAs\":[\"https:\\\/\\\/www.facebook.com\\\/espacechirurgie\",\"https:\\\/\\\/www.linkedin.com\\\/company\\\/espace-chirurgie\\\/\"]}]}<\/script>\n<!-- \/ Yoast SEO plugin. -->","yoast_head_json":{"title":"Carcinome du rectum (Cancer du rectum) &#8211; Espace Chirurgie","robots":{"index":"index","follow":"follow","max-snippet":"max-snippet:-1","max-image-preview":"max-image-preview:large","max-video-preview":"max-video-preview:-1"},"canonical":"https:\/\/espace-chirurgie.ch\/fr\/glossaire\/carcinome-du-rectum-cancer-du-rectum\/","og_locale":"fr_FR","og_type":"article","og_title":"Carcinome du rectum (Cancer du rectum) &#8211; Espace Chirurgie","og_description":"Tumeur maligne du rectum (les derniers 16 centim\u00e8tres avant l&rsquo;anus). Sympt\u00f4mes : Perte de poids,...","og_url":"https:\/\/espace-chirurgie.ch\/fr\/glossaire\/carcinome-du-rectum-cancer-du-rectum\/","og_site_name":"Espace Chirurgie","article_publisher":"https:\/\/www.facebook.com\/espacechirurgie","twitter_card":"summary_large_image","twitter_misc":{"Dur\u00e9e de lecture estim\u00e9e":"1 minute"},"schema":{"@context":"https:\/\/schema.org","@graph":[{"@type":"WebPage","@id":"https:\/\/espace-chirurgie.ch\/fr\/glossaire\/carcinome-du-rectum-cancer-du-rectum\/","url":"https:\/\/espace-chirurgie.ch\/fr\/glossaire\/carcinome-du-rectum-cancer-du-rectum\/","name":"Carcinome du rectum (Cancer du rectum) &#8211; Espace Chirurgie","isPartOf":{"@id":"https:\/\/espace-chirurgie.ch\/fr\/#website"},"datePublished":"2019-11-04T15:21:28+00:00","breadcrumb":{"@id":"https:\/\/espace-chirurgie.ch\/fr\/glossaire\/carcinome-du-rectum-cancer-du-rectum\/#breadcrumb"},"inLanguage":"fr-FR","potentialAction":[{"@type":"ReadAction","target":["https:\/\/espace-chirurgie.ch\/fr\/glossaire\/carcinome-du-rectum-cancer-du-rectum\/"]}]},{"@type":"BreadcrumbList","@id":"https:\/\/espace-chirurgie.ch\/fr\/glossaire\/carcinome-du-rectum-cancer-du-rectum\/#breadcrumb","itemListElement":[{"@type":"ListItem","position":1,"name":"Startseite","item":"https:\/\/espace-chirurgie.ch\/fr\/"},{"@type":"ListItem","position":2,"name":"Glossar","item":"https:\/\/espace-chirurgie.ch\/fr\/glossaire\/"},{"@type":"ListItem","position":3,"name":"Carcinome du rectum (Cancer du rectum)"}]},{"@type":"WebSite","@id":"https:\/\/espace-chirurgie.ch\/fr\/#website","url":"https:\/\/espace-chirurgie.ch\/fr\/","name":"Espace Chirurgie","description":"Zentrum mit modernster und qualitativ hochwertiger chirurgischer Behandlung.","publisher":{"@id":"https:\/\/espace-chirurgie.ch\/fr\/#organization"},"potentialAction":[{"@type":"SearchAction","target":{"@type":"EntryPoint","urlTemplate":"https:\/\/espace-chirurgie.ch\/fr\/?s={search_term_string}"},"query-input":{"@type":"PropertyValueSpecification","valueRequired":true,"valueName":"search_term_string"}}],"inLanguage":"fr-FR"},{"@type":"Organization","@id":"https:\/\/espace-chirurgie.ch\/fr\/#organization","name":"Espace Chirurgie","url":"https:\/\/espace-chirurgie.ch\/fr\/","logo":{"@type":"ImageObject","inLanguage":"fr-FR","@id":"https:\/\/espace-chirurgie.ch\/fr\/#\/schema\/logo\/image\/","url":"https:\/\/espace-chirurgie.ch\/wp-content\/uploads\/2019\/06\/espace-chirurgie-logo.svg","contentUrl":"https:\/\/espace-chirurgie.ch\/wp-content\/uploads\/2019\/06\/espace-chirurgie-logo.svg","width":403,"height":86,"caption":"Espace Chirurgie"},"image":{"@id":"https:\/\/espace-chirurgie.ch\/fr\/#\/schema\/logo\/image\/"},"sameAs":["https:\/\/www.facebook.com\/espacechirurgie","https:\/\/www.linkedin.com\/company\/espace-chirurgie\/"]}]}},"_links":{"self":[{"href":"https:\/\/espace-chirurgie.ch\/fr\/wp-json\/wp\/v2\/glossary\/1530","targetHints":{"allow":["GET"]}}],"collection":[{"href":"https:\/\/espace-chirurgie.ch\/fr\/wp-json\/wp\/v2\/glossary"}],"about":[{"href":"https:\/\/espace-chirurgie.ch\/fr\/wp-json\/wp\/v2\/types\/glossary"}],"version-history":[{"count":1,"href":"https:\/\/espace-chirurgie.ch\/fr\/wp-json\/wp\/v2\/glossary\/1530\/revisions"}],"predecessor-version":[{"id":1531,"href":"https:\/\/espace-chirurgie.ch\/fr\/wp-json\/wp\/v2\/glossary\/1530\/revisions\/1531"}],"wp:attachment":[{"href":"https:\/\/espace-chirurgie.ch\/fr\/wp-json\/wp\/v2\/media?parent=1530"}],"curies":[{"name":"wp","href":"https:\/\/api.w.org\/{rel}","templated":true}]}}

<p class="wp-block-paragraph">Tumeur maligne du rectum (les derniers 16 centimètres avant l&rsquo;anus). Symptômes : Perte de poids, dégradation de l&rsquo;état général, sang dans les selles, anémie, irrégularités/modification des selles. Facteurs de risque : Âge, surpoids, cigarette, alimentation pauvre en fibres, grande consommation de viande rouge, sédentarité, anomalie génétique, maladies inflammatoires chroniques de l&rsquo;intestin. Diagnostic : Coloscopie (recommandée à Partir de 50 ans), prélèvement de tissus, scanner Traitement : ablation chirurgicale du rectum ainsi que des dernières parties du gros intestin, du tissu adipeux environnant ainsi que des vaisseaux d&rsquo;alimentation et des ganglions. Selon le stade de la tumeur et sa localisation précise, il faut procéder au préalable à une chimiothérapie et à une radiothérapie. </p>

<!-- This site is optimized with the Yoast SEO plugin v28.4 - https://yoast.com/product/yoast-seo-wordpress/ -->
<title>Carcinome du rectum (Cancer du rectum) &#8211; Espace Chirurgie</title>
<meta name="robots" content="index, follow, max-snippet:-1, max-image-preview:large, max-video-preview:-1" />
<link rel="canonical" href="https://espace-chirurgie.ch/fr/glossaire/carcinome-du-rectum-cancer-du-rectum/" />
<meta property="og:locale" content="fr_FR" />
<meta property="og:type" content="article" />
<meta property="og:title" content="Carcinome du rectum (Cancer du rectum) &#8211; Espace Chirurgie" />
<meta property="og:description" content="Tumeur maligne du rectum (les derniers 16 centimètres avant l&rsquo;anus). Symptômes : Perte de poids,..." />
<meta property="og:url" content="https://espace-chirurgie.ch/fr/glossaire/carcinome-du-rectum-cancer-du-rectum/" />
<meta property="og:site_name" content="Espace Chirurgie" />
<meta property="article:publisher" content="https://www.facebook.com/espacechirurgie" />
<meta name="twitter:card" content="summary_large_image" />
<meta name="twitter:label1" content="Durée de lecture estimée" />
	<meta name="twitter:data1" content="1 minute" />
<script type="application/ld+json" class="yoast-schema-graph">{"@context":"https:\/\/schema.org","@graph":[{"@type":"WebPage","@id":"https:\/\/espace-chirurgie.ch\/fr\/glossaire\/carcinome-du-rectum-cancer-du-rectum\/","url":"https:\/\/espace-chirurgie.ch\/fr\/glossaire\/carcinome-du-rectum-cancer-du-rectum\/","name":"Carcinome du rectum (Cancer du rectum) &#8211; Espace Chirurgie","isPartOf":{"@id":"https:\/\/espace-chirurgie.ch\/fr\/#website"},"datePublished":"2019-11-04T15:21:28+00:00","breadcrumb":{"@id":"https:\/\/espace-chirurgie.ch\/fr\/glossaire\/carcinome-du-rectum-cancer-du-rectum\/#breadcrumb"},"inLanguage":"fr-FR","potentialAction":[{"@type":"ReadAction","target":["https:\/\/espace-chirurgie.ch\/fr\/glossaire\/carcinome-du-rectum-cancer-du-rectum\/"]}]},{"@type":"BreadcrumbList","@id":"https:\/\/espace-chirurgie.ch\/fr\/glossaire\/carcinome-du-rectum-cancer-du-rectum\/#breadcrumb","itemListElement":[{"@type":"ListItem","position":1,"name":"Startseite","item":"https:\/\/espace-chirurgie.ch\/fr\/"},{"@type":"ListItem","position":2,"name":"Glossar","item":"https:\/\/espace-chirurgie.ch\/fr\/glossaire\/"},{"@type":"ListItem","position":3,"name":"Carcinome du rectum (Cancer du rectum)"}]},{"@type":"WebSite","@id":"https:\/\/espace-chirurgie.ch\/fr\/#website","url":"https:\/\/espace-chirurgie.ch\/fr\/","name":"Espace Chirurgie","description":"Zentrum mit modernster und qualitativ hochwertiger chirurgischer Behandlung.","publisher":{"@id":"https:\/\/espace-chirurgie.ch\/fr\/#organization"},"potentialAction":[{"@type":"SearchAction","target":{"@type":"EntryPoint","urlTemplate":"https:\/\/espace-chirurgie.ch\/fr\/?s={search_term_string}"},"query-input":{"@type":"PropertyValueSpecification","valueRequired":true,"valueName":"search_term_string"}}],"inLanguage":"fr-FR"},{"@type":"Organization","@id":"https:\/\/espace-chirurgie.ch\/fr\/#organization","name":"Espace Chirurgie","url":"https:\/\/espace-chirurgie.ch\/fr\/","logo":{"@type":"ImageObject","inLanguage":"fr-FR","@id":"https:\/\/espace-chirurgie.ch\/fr\/#\/schema\/logo\/image\/","url":"https:\/\/espace-chirurgie.ch\/wp-content\/uploads\/2019\/06\/espace-chirurgie-logo.svg","contentUrl":"https:\/\/espace-chirurgie.ch\/wp-content\/uploads\/2019\/06\/espace-chirurgie-logo.svg","width":403,"height":86,"caption":"Espace Chirurgie"},"image":{"@id":"https:\/\/espace-chirurgie.ch\/fr\/#\/schema\/logo\/image\/"},"sameAs":["https:\/\/www.facebook.com\/espacechirurgie","https:\/\/www.linkedin.com\/company\/espace-chirurgie\/"]}]}</script>
<!-- / Yoast SEO plugin. -->

Tumeur maligne du rectum (les derniers 16 centimètres avant l&rsquo;anus). Symptômes : Perte de poids,...
