{"id":1930,"date":"2019-11-05T15:26:13","date_gmt":"2019-11-05T14:26:13","guid":{"rendered":"https:\/\/espace-chirurgie.ch\/?post_type=glossary&#038;p=1930"},"modified":"2019-11-05T15:26:14","modified_gmt":"2019-11-05T14:26:14","slug":"anesthesie-generale-anesthesie-totale","status":"publish","type":"glossary","link":"https:\/\/espace-chirurgie.ch\/fr\/glossaire\/anesthesie-generale-anesthesie-totale\/","title":{"rendered":"Anesth\u00e9sie g\u00e9n\u00e9rale (Anesth\u00e9sie totale)"},"content":{"rendered":"\n<p>Endormissement g\u00e9n\u00e9ral du patient avec d\u00e9connexion des douleurs et de la conscience avec des anesth\u00e9siques sous surveillance continue des valeurs vitales (pression art\u00e9rielle, pouls, oxyg\u00e8ne) ainsi que la profondeur de l&rsquo;anesth\u00e9sie. Une ventilation artificielle est n\u00e9cessaire \u00e0 cause de la suppression du reflexe respiratoire.<\/p>\n","protected":false},"template":"","class_list":["post-1930","glossary","type-glossary","status-publish","hentry"],"acf":[],"yoast_head":"<!-- This site is optimized with the Yoast SEO plugin v27.5 - https:\/\/yoast.com\/product\/yoast-seo-wordpress\/ -->\n<title>Anesth\u00e9sie g\u00e9n\u00e9rale (Anesth\u00e9sie totale) &#8211; Espace Chirurgie<\/title>\n<meta name=\"robots\" content=\"index, follow, max-snippet:-1, max-image-preview:large, max-video-preview:-1\" \/>\n<link rel=\"canonical\" href=\"https:\/\/espace-chirurgie.ch\/fr\/glossaire\/anesthesie-generale-anesthesie-totale\/\" \/>\n<meta property=\"og:locale\" content=\"fr_FR\" \/>\n<meta property=\"og:type\" content=\"article\" \/>\n<meta property=\"og:title\" content=\"Anesth\u00e9sie g\u00e9n\u00e9rale (Anesth\u00e9sie totale) &#8211; Espace Chirurgie\" \/>\n<meta property=\"og:description\" content=\"Endormissement g\u00e9n\u00e9ral du patient avec d\u00e9connexion des douleurs et de la conscience avec des anesth\u00e9siques...\" \/>\n<meta property=\"og:url\" content=\"https:\/\/espace-chirurgie.ch\/fr\/glossaire\/anesthesie-generale-anesthesie-totale\/\" \/>\n<meta property=\"og:site_name\" content=\"Espace Chirurgie\" \/>\n<meta property=\"article:publisher\" content=\"https:\/\/www.facebook.com\/espacechirurgie\" \/>\n<meta property=\"article:modified_time\" content=\"2019-11-05T14:26:14+00:00\" \/>\n<meta name=\"twitter:card\" content=\"summary_large_image\" \/>\n<script type=\"application\/ld+json\" class=\"yoast-schema-graph\">{\"@context\":\"https:\\\/\\\/schema.org\",\"@graph\":[{\"@type\":\"WebPage\",\"@id\":\"https:\\\/\\\/espace-chirurgie.ch\\\/fr\\\/glossaire\\\/anesthesie-generale-anesthesie-totale\\\/\",\"url\":\"https:\\\/\\\/espace-chirurgie.ch\\\/fr\\\/glossaire\\\/anesthesie-generale-anesthesie-totale\\\/\",\"name\":\"Anesth\u00e9sie g\u00e9n\u00e9rale (Anesth\u00e9sie totale) &#8211; Espace Chirurgie\",\"isPartOf\":{\"@id\":\"https:\\\/\\\/espace-chirurgie.ch\\\/fr\\\/#website\"},\"datePublished\":\"2019-11-05T14:26:13+00:00\",\"dateModified\":\"2019-11-05T14:26:14+00:00\",\"breadcrumb\":{\"@id\":\"https:\\\/\\\/espace-chirurgie.ch\\\/fr\\\/glossaire\\\/anesthesie-generale-anesthesie-totale\\\/#breadcrumb\"},\"inLanguage\":\"fr-FR\",\"potentialAction\":[{\"@type\":\"ReadAction\",\"target\":[\"https:\\\/\\\/espace-chirurgie.ch\\\/fr\\\/glossaire\\\/anesthesie-generale-anesthesie-totale\\\/\"]}]},{\"@type\":\"BreadcrumbList\",\"@id\":\"https:\\\/\\\/espace-chirurgie.ch\\\/fr\\\/glossaire\\\/anesthesie-generale-anesthesie-totale\\\/#breadcrumb\",\"itemListElement\":[{\"@type\":\"ListItem\",\"position\":1,\"name\":\"Startseite\",\"item\":\"https:\\\/\\\/espace-chirurgie.ch\\\/fr\\\/\"},{\"@type\":\"ListItem\",\"position\":2,\"name\":\"Glossar\",\"item\":\"https:\\\/\\\/espace-chirurgie.ch\\\/fr\\\/glossaire\\\/\"},{\"@type\":\"ListItem\",\"position\":3,\"name\":\"Anesth\u00e9sie g\u00e9n\u00e9rale (Anesth\u00e9sie totale)\"}]},{\"@type\":\"WebSite\",\"@id\":\"https:\\\/\\\/espace-chirurgie.ch\\\/fr\\\/#website\",\"url\":\"https:\\\/\\\/espace-chirurgie.ch\\\/fr\\\/\",\"name\":\"Espace Chirurgie\",\"description\":\"Zentrum mit modernster und qualitativ hochwertiger chirurgischer Behandlung.\",\"publisher\":{\"@id\":\"https:\\\/\\\/espace-chirurgie.ch\\\/fr\\\/#organization\"},\"potentialAction\":[{\"@type\":\"SearchAction\",\"target\":{\"@type\":\"EntryPoint\",\"urlTemplate\":\"https:\\\/\\\/espace-chirurgie.ch\\\/fr\\\/?s={search_term_string}\"},\"query-input\":{\"@type\":\"PropertyValueSpecification\",\"valueRequired\":true,\"valueName\":\"search_term_string\"}}],\"inLanguage\":\"fr-FR\"},{\"@type\":\"Organization\",\"@id\":\"https:\\\/\\\/espace-chirurgie.ch\\\/fr\\\/#organization\",\"name\":\"Espace Chirurgie\",\"url\":\"https:\\\/\\\/espace-chirurgie.ch\\\/fr\\\/\",\"logo\":{\"@type\":\"ImageObject\",\"inLanguage\":\"fr-FR\",\"@id\":\"https:\\\/\\\/espace-chirurgie.ch\\\/fr\\\/#\\\/schema\\\/logo\\\/image\\\/\",\"url\":\"https:\\\/\\\/espace-chirurgie.ch\\\/wp-content\\\/uploads\\\/2019\\\/06\\\/espace-chirurgie-logo.svg\",\"contentUrl\":\"https:\\\/\\\/espace-chirurgie.ch\\\/wp-content\\\/uploads\\\/2019\\\/06\\\/espace-chirurgie-logo.svg\",\"width\":403,\"height\":86,\"caption\":\"Espace Chirurgie\"},\"image\":{\"@id\":\"https:\\\/\\\/espace-chirurgie.ch\\\/fr\\\/#\\\/schema\\\/logo\\\/image\\\/\"},\"sameAs\":[\"https:\\\/\\\/www.facebook.com\\\/espacechirurgie\",\"https:\\\/\\\/www.linkedin.com\\\/company\\\/espace-chirurgie\\\/\"]}]}<\/script>\n<!-- \/ Yoast SEO plugin. -->","yoast_head_json":{"title":"Anesth\u00e9sie g\u00e9n\u00e9rale (Anesth\u00e9sie totale) &#8211; Espace Chirurgie","robots":{"index":"index","follow":"follow","max-snippet":"max-snippet:-1","max-image-preview":"max-image-preview:large","max-video-preview":"max-video-preview:-1"},"canonical":"https:\/\/espace-chirurgie.ch\/fr\/glossaire\/anesthesie-generale-anesthesie-totale\/","og_locale":"fr_FR","og_type":"article","og_title":"Anesth\u00e9sie g\u00e9n\u00e9rale (Anesth\u00e9sie totale) &#8211; Espace Chirurgie","og_description":"Endormissement g\u00e9n\u00e9ral du patient avec d\u00e9connexion des douleurs et de la conscience avec des anesth\u00e9siques...","og_url":"https:\/\/espace-chirurgie.ch\/fr\/glossaire\/anesthesie-generale-anesthesie-totale\/","og_site_name":"Espace Chirurgie","article_publisher":"https:\/\/www.facebook.com\/espacechirurgie","article_modified_time":"2019-11-05T14:26:14+00:00","twitter_card":"summary_large_image","schema":{"@context":"https:\/\/schema.org","@graph":[{"@type":"WebPage","@id":"https:\/\/espace-chirurgie.ch\/fr\/glossaire\/anesthesie-generale-anesthesie-totale\/","url":"https:\/\/espace-chirurgie.ch\/fr\/glossaire\/anesthesie-generale-anesthesie-totale\/","name":"Anesth\u00e9sie g\u00e9n\u00e9rale (Anesth\u00e9sie totale) &#8211; Espace Chirurgie","isPartOf":{"@id":"https:\/\/espace-chirurgie.ch\/fr\/#website"},"datePublished":"2019-11-05T14:26:13+00:00","dateModified":"2019-11-05T14:26:14+00:00","breadcrumb":{"@id":"https:\/\/espace-chirurgie.ch\/fr\/glossaire\/anesthesie-generale-anesthesie-totale\/#breadcrumb"},"inLanguage":"fr-FR","potentialAction":[{"@type":"ReadAction","target":["https:\/\/espace-chirurgie.ch\/fr\/glossaire\/anesthesie-generale-anesthesie-totale\/"]}]},{"@type":"BreadcrumbList","@id":"https:\/\/espace-chirurgie.ch\/fr\/glossaire\/anesthesie-generale-anesthesie-totale\/#breadcrumb","itemListElement":[{"@type":"ListItem","position":1,"name":"Startseite","item":"https:\/\/espace-chirurgie.ch\/fr\/"},{"@type":"ListItem","position":2,"name":"Glossar","item":"https:\/\/espace-chirurgie.ch\/fr\/glossaire\/"},{"@type":"ListItem","position":3,"name":"Anesth\u00e9sie g\u00e9n\u00e9rale (Anesth\u00e9sie totale)"}]},{"@type":"WebSite","@id":"https:\/\/espace-chirurgie.ch\/fr\/#website","url":"https:\/\/espace-chirurgie.ch\/fr\/","name":"Espace Chirurgie","description":"Zentrum mit modernster und qualitativ hochwertiger chirurgischer Behandlung.","publisher":{"@id":"https:\/\/espace-chirurgie.ch\/fr\/#organization"},"potentialAction":[{"@type":"SearchAction","target":{"@type":"EntryPoint","urlTemplate":"https:\/\/espace-chirurgie.ch\/fr\/?s={search_term_string}"},"query-input":{"@type":"PropertyValueSpecification","valueRequired":true,"valueName":"search_term_string"}}],"inLanguage":"fr-FR"},{"@type":"Organization","@id":"https:\/\/espace-chirurgie.ch\/fr\/#organization","name":"Espace Chirurgie","url":"https:\/\/espace-chirurgie.ch\/fr\/","logo":{"@type":"ImageObject","inLanguage":"fr-FR","@id":"https:\/\/espace-chirurgie.ch\/fr\/#\/schema\/logo\/image\/","url":"https:\/\/espace-chirurgie.ch\/wp-content\/uploads\/2019\/06\/espace-chirurgie-logo.svg","contentUrl":"https:\/\/espace-chirurgie.ch\/wp-content\/uploads\/2019\/06\/espace-chirurgie-logo.svg","width":403,"height":86,"caption":"Espace Chirurgie"},"image":{"@id":"https:\/\/espace-chirurgie.ch\/fr\/#\/schema\/logo\/image\/"},"sameAs":["https:\/\/www.facebook.com\/espacechirurgie","https:\/\/www.linkedin.com\/company\/espace-chirurgie\/"]}]}},"_links":{"self":[{"href":"https:\/\/espace-chirurgie.ch\/fr\/wp-json\/wp\/v2\/glossary\/1930","targetHints":{"allow":["GET"]}}],"collection":[{"href":"https:\/\/espace-chirurgie.ch\/fr\/wp-json\/wp\/v2\/glossary"}],"about":[{"href":"https:\/\/espace-chirurgie.ch\/fr\/wp-json\/wp\/v2\/types\/glossary"}],"version-history":[{"count":1,"href":"https:\/\/espace-chirurgie.ch\/fr\/wp-json\/wp\/v2\/glossary\/1930\/revisions"}],"predecessor-version":[{"id":1938,"href":"https:\/\/espace-chirurgie.ch\/fr\/wp-json\/wp\/v2\/glossary\/1930\/revisions\/1938"}],"wp:attachment":[{"href":"https:\/\/espace-chirurgie.ch\/fr\/wp-json\/wp\/v2\/media?parent=1930"}],"curies":[{"name":"wp","href":"https:\/\/api.w.org\/{rel}","templated":true}]}}

Anesthésie générale (Anesthésie totale)

<p>Endormissement général du patient avec déconnexion des douleurs et de la conscience avec des anesthésiques sous surveillance continue des valeurs vitales (pression artérielle, pouls, oxygène) ainsi que la profondeur de l&rsquo;anesthésie. Une ventilation artificielle est nécessaire à cause de la suppression du reflexe respiratoire.</p>

<!-- This site is optimized with the Yoast SEO plugin v27.5 - https://yoast.com/product/yoast-seo-wordpress/ -->
<title>Anesthésie générale (Anesthésie totale) &#8211; Espace Chirurgie</title>
<meta name="robots" content="index, follow, max-snippet:-1, max-image-preview:large, max-video-preview:-1" />
<link rel="canonical" href="https://espace-chirurgie.ch/fr/glossaire/anesthesie-generale-anesthesie-totale/" />
<meta property="og:locale" content="fr_FR" />
<meta property="og:type" content="article" />
<meta property="og:title" content="Anesthésie générale (Anesthésie totale) &#8211; Espace Chirurgie" />
<meta property="og:description" content="Endormissement général du patient avec déconnexion des douleurs et de la conscience avec des anesthésiques..." />
<meta property="og:url" content="https://espace-chirurgie.ch/fr/glossaire/anesthesie-generale-anesthesie-totale/" />
<meta property="og:site_name" content="Espace Chirurgie" />
<meta property="article:publisher" content="https://www.facebook.com/espacechirurgie" />
<meta property="article:modified_time" content="2019-11-05T14:26:14+00:00" />
<meta name="twitter:card" content="summary_large_image" />
<script type="application/ld+json" class="yoast-schema-graph">{"@context":"https:\/\/schema.org","@graph":[{"@type":"WebPage","@id":"https:\/\/espace-chirurgie.ch\/fr\/glossaire\/anesthesie-generale-anesthesie-totale\/","url":"https:\/\/espace-chirurgie.ch\/fr\/glossaire\/anesthesie-generale-anesthesie-totale\/","name":"Anesthésie générale (Anesthésie totale) &#8211; Espace Chirurgie","isPartOf":{"@id":"https:\/\/espace-chirurgie.ch\/fr\/#website"},"datePublished":"2019-11-05T14:26:13+00:00","dateModified":"2019-11-05T14:26:14+00:00","breadcrumb":{"@id":"https:\/\/espace-chirurgie.ch\/fr\/glossaire\/anesthesie-generale-anesthesie-totale\/#breadcrumb"},"inLanguage":"fr-FR","potentialAction":[{"@type":"ReadAction","target":["https:\/\/espace-chirurgie.ch\/fr\/glossaire\/anesthesie-generale-anesthesie-totale\/"]}]},{"@type":"BreadcrumbList","@id":"https:\/\/espace-chirurgie.ch\/fr\/glossaire\/anesthesie-generale-anesthesie-totale\/#breadcrumb","itemListElement":[{"@type":"ListItem","position":1,"name":"Startseite","item":"https:\/\/espace-chirurgie.ch\/fr\/"},{"@type":"ListItem","position":2,"name":"Glossar","item":"https:\/\/espace-chirurgie.ch\/fr\/glossaire\/"},{"@type":"ListItem","position":3,"name":"Anesthésie générale (Anesthésie totale)"}]},{"@type":"WebSite","@id":"https:\/\/espace-chirurgie.ch\/fr\/#website","url":"https:\/\/espace-chirurgie.ch\/fr\/","name":"Espace Chirurgie","description":"Zentrum mit modernster und qualitativ hochwertiger chirurgischer Behandlung.","publisher":{"@id":"https:\/\/espace-chirurgie.ch\/fr\/#organization"},"potentialAction":[{"@type":"SearchAction","target":{"@type":"EntryPoint","urlTemplate":"https:\/\/espace-chirurgie.ch\/fr\/?s={search_term_string}"},"query-input":{"@type":"PropertyValueSpecification","valueRequired":true,"valueName":"search_term_string"}}],"inLanguage":"fr-FR"},{"@type":"Organization","@id":"https:\/\/espace-chirurgie.ch\/fr\/#organization","name":"Espace Chirurgie","url":"https:\/\/espace-chirurgie.ch\/fr\/","logo":{"@type":"ImageObject","inLanguage":"fr-FR","@id":"https:\/\/espace-chirurgie.ch\/fr\/#\/schema\/logo\/image\/","url":"https:\/\/espace-chirurgie.ch\/wp-content\/uploads\/2019\/06\/espace-chirurgie-logo.svg","contentUrl":"https:\/\/espace-chirurgie.ch\/wp-content\/uploads\/2019\/06\/espace-chirurgie-logo.svg","width":403,"height":86,"caption":"Espace Chirurgie"},"image":{"@id":"https:\/\/espace-chirurgie.ch\/fr\/#\/schema\/logo\/image\/"},"sameAs":["https:\/\/www.facebook.com\/espacechirurgie","https:\/\/www.linkedin.com\/company\/espace-chirurgie\/"]}]}</script>
<!-- / Yoast SEO plugin. -->

Anesthésie générale (Anesthésie totale) &#8211; Espace Chirurgie

Endormissement général du patient avec déconnexion des douleurs et de la conscience avec des anesthésiques...
